nits digit of 5175?
5
What is the units digit of 5785?
5
What is the units digit of 12791?
1
What is the thousands digit of 4086?
4
What is the tens digit of 3896?
9
What is the tens digit of 354?
5
What is the ten thousands digit of 77919?
7
What is the tens digit of 75406?
0
What is the thousands digit of 28867?
8
What is the units digit of 3441?
1
What is the ten thousands digit of 15064?
1
What is the ten thousands digit of 40525?
4
What is the hundred thousands digit of 125877?
1
What is the units digit of 6761?
1
What is the units digit of 98?
8
What is the hundreds digit of 3618?
6
What is the units digit of 1684?
4
What is the tens digit of 8530?
3
What is the hundreds digit of 128577?
5
What is the tens digit of 2527?
2
What is the units digit of 307?
7
What is the hundreds digit of 148770?
7
What is the hundreds digit of 1136?
1
What is the units digit of 2?
2
What is the ten thousands digit of 42895?
4
What is the units digit of 2222?
2
What is the units digit of 15741?
1
What is the tens digit of 17013?
1
What is the thousands digit of 13190?
3
What is the thousands digit of 15737?
5
What is the tens digit of 8240?
4
What is the hundreds digit of 8783?
7
What is the units digit of 39833?
3
What is the hundreds digit of 16005?
0
What is the tens digit of 909?
0
What is the units digit of 7979?
9
What is the hundreds digit of 39637?
6
What is the units digit of 2398?
8
What is the ten thousands digit of 18528?
1
What is the tens digit of 118026?
2
What is the hundreds digit of 13408?
4
What is the hundreds digit of 1803?
8
What is the tens digit of 3476?
7
What is the ten thousands digit of 10437?
1
What is the units digit of 7257?
7
What is the units digit of 4835?
5
What is the thousands digit of 5436?
5
What is the hundreds digit of 54374?
3
What is the units digit of 597?
7
What is the hundreds digit of 3818?
8
What is the tens digit of 3958?
5
What is the units digit of 139?
9
What is the thousands digit of 3746?
3
What is the thousands digit of 20494?
0
What is the tens digit of 174809?
0
What is the thousands digit of 7160?
7
What is the thousands digit of 1739?
1
What is the units digit of 66091?
1
What is the hundreds digit of 45375?
3
What is the hundreds digit of 104?
1
What is the thousands digit of 6061?
6
What is the units digit of 371?
1
What is the tens digit of 1115?
1
What is the thousands digit of 17774?
7
What is the tens digit of 6745?
4
What is the hundreds digit of 245?
2
What is the hundreds digit of 996?
9
What is the hundreds digit of 2087?
0
What is the tens digit of 19813?
1
What is the tens digit of 4137?
3
What is the tens digit of 2167?
6
What is the hundreds digit of 126633?
6
What is the units digit of 12017?
7
What is the tens digit of 3466?
6
What is the tens digit of 12621?
2
What is the hundreds digit of 191573?
5
What is the thousands digit of 5805?
5
What is the units digit of 5167?
7
What is the thousands digit of 47016?
7
What is the tens digit of 156465?
6
What is the tens digit of 3527?
2
What is the units digit of 97084?
4
What is the units digit of 2220?
0
What is the hundreds digit of 8929?
9
What is the thousands digit of 4605?
4
What is the units digit of 704?
4
What is the tens digit of 12756?
5
What is the hundreds digit of 10269?
2
What is the thousands digit of 3882?
3
What is the units digit of 1939?
9
What is the units digit of 1694?
4
What is the thousands digit of 29678?
9
What is the units digit of 6488?
8
What is the ten thousands digit of 32825?
3
What is the hundreds digit of 30442?
4
What is the tens digit of 88915?
1
What is the units digit of 1649?
9
What is the hundreds digit of 4740?
7
What is the tens digit of 122086?
8
What is the tens digit of 12201?
0
What is the hundreds digit of 752?
7
What is the tens digit of 956?
5
What is the hundreds digit of 151?
1
What is the hundreds digit of 4598?
5
What is the tens digit of 6228?
2
What is the tens digit of 45908?
0
What is the units digit of 4733?
3
What is the thousands digit of 14581?
4
What is the tens digit of 355?
5
What is the tens digit of 86779?
7
What is the tens digit of 11322?
2
What is the tens digit of 654?
5
What is the thousands digit of 4103?
4
What is the tens digit of 225?
2
What is the thousands digit of 7558?
7
What is the thousands digit of 4472?
4
What is the tens digit of 59952?
5
What is the thousands digit of 17311?
7
What is the hundreds digit of 1120?
1
What is the thousands digit of 18684?
8
What is the units digit of 5114?
4
What is the thousands digit of 17067?
7
What is the units digit of 21085?
5
What is the tens digit of 108027?
2
What is the tens digit of 28751?
5
What is the units digit of 2430?
0
What is the hundred thousands digit of 112472?
1
What is the thousands digit of 2056?
2
What is the units digit of 516?
6
What is the hundreds digit of 494?
4
What is the hundreds digit of 21607?
6
What is the units digit of 33605?
5
What is the hundreds digit of 306?
3
What is the thousands digit of 3496?
3
What is the units digit of 993?
3
What is the tens digit of 31678?
7
What is the tens digit of 359?
5
What is the tens digit of 126?
2
What is the units digit of 468?
8
What is the thousands digit of 13493?
3
What is the units digit of 926?
6
What is the hundreds digit of 638?
6
What is the ten thousands digit of 11172?
1
What is the units digit of 261?
1
What is the units digit of 247?
7
What is the thousands digit of 25019?
5
What is the tens digit of 3304?
0
What is the hundreds digit of 2111?
1
What is the units digit of 1996?
6
What is the units digit of 350?
0
What is the ten thousands digit of 18329?
1
What is the hundreds digit of 9485?
4
What is the thousands digit of 10394?
0
What is the thousands digit of 2279?
2
What is the units digit of 1187?
7
What is the hundreds digit of 3883?
8
What is the tens digit of 67244?
4
What is the thousands digit of 2453?
2
What is the hundreds digit of 948?
9
What is the hundreds digit of 2843?
8
What is the units digit of 19209?
9
What is the units digit of 2237?
7
What is the tens digit of 7294?
9
What is the thousands digit of 54244?
4
What is the hundreds digit of 1407?
4
What is the ten thousands digit of 77081?
7
What is the thousands digit of 101652?
1
What is the ten thousands digit of 11023?
1
What is the tens digit of 646?
4
What is the tens digit of 15?
1
What is the thousands digit of 2628?
2
What is the hundreds digit of 1075?
0
What is the hundreds digit of 357?
3
What is the thousands digit of 7552?
7
What is the thousands digit of 61608?
1
What is the units digit of 3236?
6
What is the units digit of 562?
2
What is the units digit of 779?
9
What is the ten thousands digit of 105629?
0
What is the tens digit of 5898?
9
What is the units digit of 488?
8
What is the units digit of 2030?
0
What is the hundreds digit of 10623?
6
What is the units digit of 2981?
1
What is the units digit of 7943?
3
What is the tens digit of 89142?
4
What is the hundreds digit of 12209?
2
What is the units digit of 2627?
7
What is the hundreds digit of 2154?
1
What is the hundreds digit of 5008?
0
What is the thousands digit of 68383?
8
What is the hundreds digit of 451?
4
What is the hundreds digit of 6036?
0
What is the tens digit of 67?
6
What is the units digit of 846?
6
What is the tens digit of 48198?
9
What is the hundreds digit of 5116?
1
What is the units digit of 280?
0
What is the thousands digit of 1932?
1
What is the thousands digit of 9176?
9
What is the units digit of 9?
9
What is the tens digit of 115415?
1
What is the tens digit of 10014?
1
What is the units digit of 2146?
6
What is the hundreds digit of 5687?
6
What is the hundreds digit of 33714?
7
What is the tens digit of 9949?
4
What is the thousands digit of 15808?
5
What is the units digit of 64558?
8
What is the thousands digit of 44224?
4
What is the units digit of 165183?
3
What is the hundreds digit of 1217?
2
What is the units digit of 2134?
4
What is the hundreds digit of 34369?
3
What is the units digit of 3807?
7
What is the thousands digit of 14587?
4
What is the hundreds digit of 13573?
5
What is the hundreds digit of 884?
8
What is the units digit of 5413?
3
What is the hundreds digit of 1395?
3
What is the tens digit of 2458?
5
What is the units digit of 1074?
